{"id":19,"date":"2026-02-28T01:38:00","date_gmt":"2026-02-28T01:38:00","guid":{"rendered":"https:\/\/parroquiadesantapriscaysansebastian.org\/parroquia\/?page_id=19"},"modified":"2026-02-28T22:34:52","modified_gmt":"2026-02-28T22:34:52","slug":"iglesia-de-la-veracruz","status":"publish","type":"page","link":"https:\/\/parroquiadesantapriscaysansebastian.org\/parroquia\/iglesia-de-la-veracruz\/","title":{"rendered":"Santuario de la Santa Veracruz"},"content":{"rendered":"\n<p>Tiene su origen en una cofrad\u00eda del siglo XVI (1580), que ten\u00eda por patrono al Santo Cristo de la Veracruz. Concurr\u00edan a ella todos los vecinos de Taxco para realizar la famosa procesi\u00f3n de los Cristos, todos los viernes santos. Aqu\u00ed se reun\u00edan todos los Cristos de las capillas y pueblos cercanos, para ser presididos por el Cristo de la Veracruz. El templo actual data de los inicios del siglo XIX seg\u00fan lo describe la inscripci\u00f3n observada en su fachada lateral. El techo de b\u00f3veda de esta capilla fue producto de la remodelaci\u00f3n hecha tras el voraz incendio sufrido por Taxco en 1835. (Toussaint, 1931)<br>Hacia 1909 solamente contaba con una torre, al poniente; y tal vez en 1913 se construy\u00f3 su torre oriente. (Enciso, 2019)<\/p>\n\n\n\n<figure class=\"wp-block-gallery has-nested-images columns-default is-cropped wp-block-gallery-1 is-layout-flex wp-block-gallery-is-layout-flex\">\n<figure class=\"wp-block-image size-large\"><img loading=\"lazy\" decoding=\"async\" width=\"1024\" height=\"683\" data-id=\"78\" src=\"https:\/\/parroquiadesantapriscaysansebastian.org\/parroquia\/wp-content\/uploads\/2026\/02\/SantaVeracruz_AMS7489-1024x683.jpg\" alt=\"\" class=\"wp-image-78\" srcset=\"https:\/\/parroquiadesantapriscaysansebastian.org\/parroquia\/wp-content\/uploads\/2026\/02\/SantaVeracruz_AMS7489-1024x683.jpg 1024w, https:\/\/parroquiadesantapriscaysansebastian.org\/parroquia\/wp-content\/uploads\/2026\/02\/SantaVeracruz_AMS7489-300x200.jpg 300w, https:\/\/parroquiadesantapriscaysansebastian.org\/parroquia\/wp-content\/uploads\/2026\/02\/SantaVeracruz_AMS7489-768x512.jpg 768w, https:\/\/parroquiadesantapriscaysansebastian.org\/parroquia\/wp-content\/uploads\/2026\/02\/SantaVeracruz_AMS7489.jpg 1200w\" sizes=\"auto, (max-width: 1024px) 100vw, 1024px\" \/><\/figure>\n<\/figure>\n\n\n\n<iframe src=\"https:\/\/www.google.com\/maps\/embed?pb=!1m18!1m12!1m3!1d483.472886892846!2d-99.60310484527281!3d18.556075035142168!2m3!1f0!2f0!3f0!3m2!1i1024!2i768!4f13.1!3m3!1m2!1s0x85cc4b3228456a95%3A0xea6a53d3030dd73b!2sSantuario%20de%20la%20Santa%20Veracruz!5e0!3m2!1ses-419!2smx!4v1772318039964!5m2!1ses-419!2smx\" width=\"600\" height=\"450\" style=\"border:0;\" allowfullscreen=\"\" loading=\"lazy\" referrerpolicy=\"no-referrer-when-downgrade\"><\/iframe>\n","protected":false},"excerpt":{"rendered":"<p>Tiene su origen en una cofrad\u00eda del siglo XVI (1580), que ten\u00eda por patrono al Santo Cristo de la Veracruz. Concurr\u00edan a ella todos los vecinos de Taxco para realizar la famosa procesi\u00f3n de los Cristos, todos los viernes santos. Aqu\u00ed se reun\u00edan todos los Cristos de las capillas y pueblos cercanos, para ser presididos [&hellip;]<\/p>\n","protected":false},"author":1,"featured_media":0,"parent":0,"menu_order":1,"comment_status":"closed","ping_status":"closed","template":"","meta":{"footnotes":""},"class_list":["post-19","page","type-page","status-publish","hentry"],"_links":{"self":[{"href":"https:\/\/parroquiadesantapriscaysansebastian.org\/parroquia\/wp-json\/wp\/v2\/pages\/19","targetHints":{"allow":["GET"]}}],"collection":[{"href":"https:\/\/parroquiadesantapriscaysansebastian.org\/parroquia\/wp-json\/wp\/v2\/pages"}],"about":[{"href":"https:\/\/parroquiadesantapriscaysansebastian.org\/parroquia\/wp-json\/wp\/v2\/types\/page"}],"author":[{"embeddable":true,"href":"https:\/\/parroquiadesantapriscaysansebastian.org\/parroquia\/wp-json\/wp\/v2\/users\/1"}],"replies":[{"embeddable":true,"href":"https:\/\/parroquiadesantapriscaysansebastian.org\/parroquia\/wp-json\/wp\/v2\/comments?post=19"}],"version-history":[{"count":7,"href":"https:\/\/parroquiadesantapriscaysansebastian.org\/parroquia\/wp-json\/wp\/v2\/pages\/19\/revisions"}],"predecessor-version":[{"id":117,"href":"https:\/\/parroquiadesantapriscaysansebastian.org\/parroquia\/wp-json\/wp\/v2\/pages\/19\/revisions\/117"}],"wp:attachment":[{"href":"https:\/\/parroquiadesantapriscaysansebastian.org\/parroquia\/wp-json\/wp\/v2\/media?parent=19"}],"curies":[{"name":"wp","href":"https:\/\/api.w.org\/{rel}","templated":true}]}}